u**2 - 23*u - 9. Determine m(24).
15
Let k(u) = u. Calculate k(0).
0
Let f(o) = -2*o + 8. Give f(8).
-8
Let z(j) = j**3 + j**2 - j - 6. Calculate z(-4).
-50
Let t(w) = -4*w - 2. Determine t(-2).
6
Let a(g) = -5*g + 26. Determine a(5).
1
Let l(i) = -8*i**2 - 4*i - 2. Give l(-2).
-26
Let k(l) = -l**2 + l + 2. What is k(-2)?
-4
Let f(w) = w**3 + 9*w**2 + 10*w + 2. Determine f(-8).
-14
Let p(v) = v**2 - 82. Give p(0).
-82
Let c(a) = -104*a**2 - a. Determine c(1).
-105
Let b(j) = -j**3 - 17*j**2 + 20. Determine b(-17).
20
Let q(a) = -29*a. What is q(0)?
0
Let y(u) = -3*u**2 - 4*u - 2. Calculate y(-1).
-1
Let b(v) = 6*v**3 - 192*v**2 + v - 32. Determine b(32).
0
Let d(s) = 7*s**3 - s**2 - 2*s + 2. Give d(1).
6
Let b(s) = -3*s - 1. Give b(-2).
5
Let c(n) = -3*n**2 + 10*n - 28. Calculate c(3).
-25
Let w(t) = -t**3 + 13*t**2 + 4*t - 2. Calculate w(13).
50
Let a(q) = q**2 + 5*q + 2. What is a(-4)?
-2
Let t(i) = i + 7. Calculate t(-14).
-7
Let p(h) = -10*h - 10. Calculate p(-1).
0
Let n(a) = 2*a + 32. Determine n(-19).
-6
Let z(w) = -3*w**2 + 2*w. Give z(-1).
-5
Let o(h) = h**3 - 4*h**2 - 5*h - 5. What is o(6)?
37
Let w(q) = q**3 - 6*q**2 + 2*q - 7. Calculate w(6).
5
Let w(o) = 5*o + 7. Determine w(-8).
-33
Let m(y) = 3*y + 5. What is m(5)?
20
Let r(b) = -b**2 - 17*b - 19. Determine r(-13).
33
Let k(r) = -3*r - 74. Determine k(-13).
-35
Let l(n) = 8*n - 6. Determine l(0).
-6
Let i(t) = -2*t**3 - 15*t**2 + 12*t + 27. Determine i(-8).
-5
Let a(y) = -2*y + 2. What is a(10)?
-18
Let u(q) = -27*q - 17. Give u(5).
-152
Let p(z) = 4*z - 7. What is p(-6)?
-31
Let i(c) = -2*c + 34. What is i(22)?
-10
Let b(v) = -v**2 - 9*v - 9. What is b(-8)?
-1
Let q(u) = -28*u + 76. Calculate q(9).
-176
Let h(t) = -4*t + 19. Determine h(6).
-5
Let t(f) = -f**3 - 11*f**2 + 14*f + 29. What is t(-12)?
5
Let m(k) = -k - 1. Give m(-5).
4
Let y(z) = -z + 2. Determine y(2).
0
Let n(z) = -3*z**3 - 19*z**2 - 3*z + 8. Calculate n(-6).
-10
Let m(s) = s**3 + 16*s**2 - 23*s - 34. Determine m(-17).
68
Let k(l) = 2*l**2 - 5*l - 4. Calculate k(-3).
29
Let f(r) = r**3 + 4*r**2 + 3*r + 2. Give f(-6).
-88
Let v(y) = 3*y + 78. Calculate v(-24).
6
Let q(p) = -5*p + 1. Give q(2).
-9
Let x(j) = -5*j + 187. Determine x(37).
2
Let w(m) = 2*m**2 - 2*m - 34. Determine w(0).
-34
Let x(o) = -7*o + 4. Give x(-3).
25
Let n(u) = u**3 + 3*u**2 - 3*u - 8. Determine n(-4).
-12
Let u(g) = 2*g + 6. Give u(-16).
-26
Let w(p) = 6*p + 21. Give w(-4).
-3
Let c(s) = s**3 + 13*s**2 + 13*s + 5. Determine c(-12).
-7
Let j(k) = 12*k**2 + 2*k - 1. Determine j(-3).
101
Let o(s) = 4*s + 45. Calculate o(-8).
13
Let j(t) = -10*t + 4. Give j(4).
-36
Let k(l) = -l**3 + 18*l**2 - 36*l + 28. Give k(16).
-36
Let h(y) = -4*y**3 - 4*y**2 + 5*y. Give h(2).
-38
Let r(i) = -i**2 - 38*i + 9. Give r(-38).
9
Let y(s) = s - 6. Calculate y(2).
-4
Let z(c) = c**2 + 9*c + 19. What is z(-5)?
-1
Let f(c) = -c**3 + 7*c**2 - 6*c + 10. Give f(6).
10
Let m(r) = 5*r - 8. Give m(3).
7
Let i(c) = -c**3 + 28*c**2 + 30*c - 1. Calculate i(29).
28
Let y(o) = o**3 + 2*o - 11. Calculate y(0).
-11
Let f(l) = -l**2 + 9*l - 22. Determine f(4).
-2
Let s(o) = -o**2 + 19*o - 67. Give s(15).
-7
Let l(y) = y**3 - 15*y**2 + 2*y - 15. Give l(15).
15
Let m(c) = -c**2 - 6*c - 6. Determine m(-6).
-6
Let n(d) = 15*d - 26. Give n(8).
94
Let i(a) = 18*a**3 + 2*a**2 + a. Determine i(-1).
-17
Let t(i) = -i + 9. What is t(14)?
-5
Let j(x) = -147*x + 3. Calculate j(-1).
150
Let a(d) = -9*d - 49. What is a(-5)?
-4
Let u(c) = -4*c - 4. Give u(-4).
12
Let v(x) = x**3 - 7*x**2 + 4*x + 4. Determine v(6).
-8
Let m(l) = 45*l**3 - 2*l**2 + 2*l - 1. Determine m(1).
44
Let p(z) = -2*z**2 + 18*z - 9. What is p(9)?
-9
Let x(p) = 2*p**2 + 20*p + 20. Determine x(-8).
-12
Let v(s) = -s**3 - 2*s**2 - s + 3. Determine v(0).
3
Let o(a) = -a**2 - 34*a - 286. Calculate o(-16).
2
Let q(z) = -2*z**3 - 18*z**2 + 4*z + 31. Calculate q(-9).
-5
Let s(j) = j**2 + 5*j - 73. Calculate s(-12).
11
Let j(m) = -2*m**2 - 3*m + 13. Give j(-5).
-22
Let d(u) = -u**3 - u**2 + u - 4. Calculate d(0).
-4
Let s(q) = -q**3 - 6*q**2 - 14*q + 5. Give s(-6).
89
Let l(m) = 19*m - 12. Calculate l(3).
45
Let w(k) = k**3 - 5*k**2 - k - 23. Calculate w(6).
7
Let f(l) = 26*l - 6. Calculate f(0).
-6
Let w(z) = 9*z + 17. Determine w(-2).
-1
Let u(h) = h - 12. Determine u(15).
3
Let l(s) = -4*s + 9. What is l(-4)?
25
Let q(k) = -k**3 + 20*k**2 - 17*k - 32. What is q(19)?
6
Let a(z) = -z**3 + 3*z**2 + 4*z - 6. Calculate a(4).
-6
Let h(i) = -16*i + 6. What is h(2)?
-26
Let j(v) = -42*v - 10. Give j(0).
-10
Let v(g) = 2*g**2 - 4*g - 2. Calculate v(4).
14
Let a(m) = -15*m**2 - 4*m + 3. Give a(2).
-65
Let g(p) = -p - 3. Give g(-6).
3
Let w(y) = 2*y + 4. What is w(-4)?
-4
Let z(k) = 26*k. Determine z(-2).
-52
Let r(p) = p**3 - 9*p**2 + 7*p + 11. Give r(8).
3
Let s(m) = -2*m**3 - 2*m**2 - 3*m - 4. Determine s(-3).
41
Let m(t) = -t**2 - 15*t + 51. Give m(-18).
-3
Let d(u) = -u**3 + 13*u**2 + 29*u - 19. Determine d(15).
-34
Let y(r) = 107*r - 749. Give y(7).
0
Let j(w) = w**3 - 21*w**2 + w - 28. Give j(21).
-7
Let c(f) = 2*f**3 - 2*f**2 + f - 2. Calculate c(2).
8
Let w(p) = 2*p - 1. Give w(6).
11
Let h(f) = f + 12. Calculate h(-8).
4
Let p(k) = -2*k**3 - 57*k**2 + 26*k - 70. Determine p(-29).
17
Let y(j) = -j**2 + 11*j + 8. What is y(14)?
-34
Let l(b) = -b**3 + 18*b**2 + 20*b - 16. What is l(19)?
3
Let k(t) = t**2 - 12*t + 17. Determine k(11).
6
Let d(x) = -29*x. What is d(1)?
-29
Let b(u) = -9*u - 167. Determine b(-19).
4
Let d(t) = -t - 1. What is d(-1)?
0
Let s(j) = j**3 - 12*j**2 + 11*j - 5. What is s(11)?
-5
Let d(o) = -3*o**3 - 2*o**2 + 3*o + 5. What is d(-2)?
15
Let n(y) = 6*y - 4. Determine n(2).
8
Let d(r) = -r**3 - 19*r**2 - 19*r - 9. What is d(-18)?
9
Let t(q) = -q**2 - 13*q + 1. Calculate t(-11).
23
Let s(f) = f**3 + 3*f**2 - 23*f - 14. Determine s(-6).
16
Let p(u) = u**2 - 8*u - 2. Give p(8).
-2
Let n(l) = -l**3 + 4*l**2 + 15*l - 8. Calculate n(6).
10
Let c(d) = 2*d - 3. Calculate c(6).
9
Let l(i) = -i**3 - 3*i**2 + 2*i - 4. What is l(-4)?
4
Let n(t) = -4*t - 1. Give n(1).
-5
Let a(q) = -2*q + 9. Give a(8).
-7
Let v(j) = -39*j + 469. Determine v(12).
1
Let s(y) = -2*y**3 + 3*y**2 - 2. Calculate s(2).
-6
Let q(b) = b**3 + 2*b**2 - 7*b + 2. What is q(-5)?
-38
Let l(w) = w**3 + 51*w**2 + 56*w + 297. What is l(-50)?
-3
Let f(h) = -3*h**2 - 13*h - 29. What is f(-5)?
-39
Let n(l) = l**3 - 44*l**2 - 90*l - 114. Give n(46).
-22
Let g(p) = -p**3 + 2*p**2 + 2*p - 2. Determine g(2).
2
Let q(t) = 3*t**2 + 2*t - 3. Determine q(2).
13
Let f(i) = i**3 - 2*i**2 + i - 38. Calculate f(0).
-38
Let x(k) = 7*k**2 - 2. Determine x(-2).
26
Let z(i) = -i + 3. Determine z(-3).
6
Let v(o) = -o**3 - 13*o**2 + 8*o - 18. Determine v(-14).
66
Let p(x) = x**3 + 5*x**2 - x - 6. Calculate p(-5).
-1
Let h(m) = 3*m + 6. What is h(7)?
27
Let b(p) = -4*p - 19. Determine b(-5).
1
Let x(w) = -w - 42. What is x(-11)?
-31
Let z(g) = -g**2 + 13*g - 5. Give z(11).
17
Let i(c) = -c**3 + 5*c**2 - 5*c - 1. What is i(4)?
-5
Let i(c) = -29*c + 19. What is i(4)?
-97
Let o(v) = -v**2 + 6*v + 3. What is o(3)?
12
Let n(b) = b**2 + b - 3. Determine n(-4).
9
Let m(o) = 2*o + 23. What is m(-5)?
13
Let p(f) = f**3 + 21*f**2 - f - 28. What is p(-21)?
-7
Let k(n) = n**3 + 14*n**2 - n - 7. What is k(-14)?
7
Let z(c) = -c**2 - 12*c + 18. What is z(-13)?
5
Let p(u) = -2*u**3 - 8*u**2 - 8*u - 12. Calculate p(-3).
-6
Let n(m) = -17*m - 137. Give n(-8).
-1
Let h(w) = 8*w + 199. Determine h(-24).
7
Let h(f) = 30*f - 510. Give h(17).
0
Let j(m) = -m**3 + m**2 + 2*m + 3. Give j(-2).
11
Let g(n) = n + 18. Give g(-9).
9
Let h(g) = g**3 + 10*g**2 - 10*g - 5. Give h(-11).
-16
Let y(h) = -2*h - 20. Determine y(-10).
0
Let u(s) = 8*s**2 + 41*s + 6. What is u(-5)?
1
Let y(q) = -q**3 - 6*q**2 + 8*q - 4. Give y(-7).
-11
Let g(o) = o**3 + 4*o**2 + o - 7. Determine g(-3).
-1
Let k(d) = -d**2 - 4*d - 3. What is k(-7)?
-24
Let h(z) = -z**3 + 2*z**2 + 17*z + 10. Determine h(-5).
100
Let n(f) = 2*f**2 - 2*f + 3. Calculate n(2).
7
Let d(w) = 9*w - 6. Calculate d(0).
-6
Let v(m) = -2*m**2 + 4*m - 4. Give v(3).
-10
Let d(t) = -t**3 + 3*t**2 + 7*t - 1. What is d(4)?
11
Let q(p) = p + 119. Give q(0).
119
Let d(c) = -c**3 + 3*c**2 - 2*c + 6. Determine d(3).
0
Let a(u) = 4*u**2 + 16*u + 6. What is a(-4)?
6
Let 